{"id":13,"date":"2023-09-19T12:05:01","date_gmt":"2023-09-19T12:05:01","guid":{"rendered":"https:\/\/deutschundseltsam.de\/?page_id=13"},"modified":"2026-04-10T01:34:00","modified_gmt":"2026-04-09T23:34:00","slug":"ich-will-mehr-wissen","status":"publish","type":"page","link":"https:\/\/www.deutschundseltsam.de\/index.php\/ich-will-mehr-wissen\/","title":{"rendered":"Ich will mehr wissen"},"content":{"rendered":"\n<p>Deutsch &amp; seltsam \u2013 aus Hannover<br>Deutschpunk trifft auf seltsame Ideen und mitunter experimentelle Kl\u00e4nge. Vier Menschen machen Krach gegen alles was st\u00f6rt, nervt oder anderweitig irgendwie oder irgendwo dazu f\u00fchrt, dass die Welt vor die Hunde geht. Das Ergebnis: m\u00e4rchenhafte Traumwelten, in denen Schneewittchen, Rumpelstilzchen, Puppenspieler und vielleicht auch die Hunde des Systems mit Rackete auf den point of no return zu steuern, wo dann mit Versp\u00e4tung endlich alles gut wird. Oder auch nicht.<br>Kommt, staunt und tanzt!<\/p>\n\n\n\n<p><a href=\"https:\/\/www.deutschundseltsam.de\/wp-content\/uploads\/2023\/09\/deutsch_u_seltsam-technical-rider_de.pdf\" data-type=\"attachment\" data-id=\"21\">Hier gibt den Technical Rider<\/a><\/p>\n\n\n\n<p><a href=\"https:\/\/www.deutschundseltsam.de\/wp-content\/uploads\/2026\/04\/19.07.2025-134_favourite-scaled.jpg\" target=\"_blank\" rel=\"noopener\" title=\"\">Bandfoto 1<\/a><\/p>\n\n\n\n<p><a href=\"https:\/\/www.deutschundseltsam.de\/wp-content\/uploads\/2026\/04\/19.07.2025-152-scaled.jpg\" target=\"_blank\" rel=\"noopener\" title=\"\">Bandfoto 2<\/a><\/p>\n\n\n\n<p><a href=\"https:\/\/www.deutschundseltsam.de\/wp-content\/uploads\/2023\/09\/DeutschSeltsam-Die-Welt-steht-Kopf-MASTER-441kHz-16Bit.mp3\" data-type=\"attachment\" data-id=\"16\">Die Welt steht Kopf als MP3<\/a><\/p>\n\n\n\n<p><a href=\"https:\/\/www.deutschundseltsam.de\/wp-content\/uploads\/2023\/09\/schriftzug.png\" data-type=\"attachment\" data-id=\"8\">Schriftzug<\/a><\/p>\n","protected":false},"excerpt":{"rendered":"<p>Deutsch &amp; seltsam \u2013 aus HannoverDeutschpunk trifft auf seltsame Ideen und mitunter experimentelle Kl\u00e4nge. Vier Menschen machen Krach gegen alles was st\u00f6rt, nervt oder anderweitig irgendwie oder irgendwo dazu f\u00fchrt, dass die Welt vor die Hunde geht. Das Ergebnis: m\u00e4rchenhafte Traumwelten, in denen Schneewittchen, Rumpelstilzchen, Puppenspieler und vielleicht auch die Hunde des Systems mit Rackete [&hellip;]<\/p>\n","protected":false},"author":1,"featured_media":0,"parent":0,"menu_order":0,"comment_status":"closed","ping_status":"closed","template":"","meta":{"slim_seo":{"title":"Ich will mehr wissen - deutsch &amp; seltsam","description":"Deutsch &amp; seltsam \u2013 aus Hannover Deutschpunk trifft auf seltsame Ideen und mitunter experimentelle Kl\u00e4nge. Vier Menschen machen Krach gegen alles was st\u00f6rt,"},"footnotes":""},"class_list":["post-13","page","type-page","status-publish","hentry"],"_links":{"self":[{"href":"https:\/\/www.deutschundseltsam.de\/index.php\/wp-json\/wp\/v2\/pages\/13","targetHints":{"allow":["GET"]}}],"collection":[{"href":"https:\/\/www.deutschundseltsam.de\/index.php\/wp-json\/wp\/v2\/pages"}],"about":[{"href":"https:\/\/www.deutschundseltsam.de\/index.php\/wp-json\/wp\/v2\/types\/page"}],"author":[{"embeddable":true,"href":"https:\/\/www.deutschundseltsam.de\/index.php\/wp-json\/wp\/v2\/users\/1"}],"replies":[{"embeddable":true,"href":"https:\/\/www.deutschundseltsam.de\/index.php\/wp-json\/wp\/v2\/comments?post=13"}],"version-history":[{"count":7,"href":"https:\/\/www.deutschundseltsam.de\/index.php\/wp-json\/wp\/v2\/pages\/13\/revisions"}],"predecessor-version":[{"id":110,"href":"https:\/\/www.deutschundseltsam.de\/index.php\/wp-json\/wp\/v2\/pages\/13\/revisions\/110"}],"wp:attachment":[{"href":"https:\/\/www.deutschundseltsam.de\/index.php\/wp-json\/wp\/v2\/media?parent=13"}],"curies":[{"name":"wp","href":"https:\/\/api.w.org\/{rel}","templated":true}]}}